 14*s - 8. Let v be g(9). Let u = v - 26. Calculate the remainder when u is divided by 6.
5
Let q(w) = w**3 - 15*w**2 + 2*w + 11. Let p(o) = -o**3 + 16*o**2 - o - 11. Let u(z) = 6*p(z) + 7*q(z). Calculate the remainder when 20 is divided by u(8).
9
Suppose -q + 4*m = 5, -4*m + 2 = 4*q - 18. Calculate the remainder when -2*1 + 111/q is divided by 12.
11
Let n be 8/(-20) - (-196)/(-10). Let r be (8/n)/((-2)/10). Calculate the remainder when ((-92)/8)/(r/(-4)) is divided by 8.
7
Let p = -24 + 41. Suppose 0 = -5*u + 3 + p. Suppose -32 = -4*x + 3*x + u*g, -5*x + 118 = g. Calculate the remainder when x is divided by 9.
6
Let n(b) = b**3 + 7*b**2 + 7*b - 3. Calculate the remainder when n(-4) is divided by 6.
5
Let b = 455 - 415. What is the remainder when b is divided by 1/((-2)/2) - -15?
12
Let g(m) = m**2 + 3*m - 12. Let k be g(8). Suppose -w + k = 3*w. Calculate the remainder when w is divided by 10.
9
Let p(c) = -c**2 + 15*c + 2. What is the remainder when p(7) is divided by 15?
13
Let s(q) = 3*q + 2. Let w be s(-4). Let a = 17 + w. Let h(k) = -k**3 + 10*k**2 + k - 7. What is the remainder when a is divided by h(10)?
1
Suppose -5*k - 4*u + 270 = u, k - 54 = 3*u. Calculate the remainder when k is divided by 12.
6
Let w(r) = -42*r**3 + r**2 + r + 1. Let l be w(-1). Suppose -27 = -5*y + l. Calculate the remainder when y is divided by 5.
4
Let x(g) = 4*g**2 + 4*g + 3. What is the remainder when 64 is divided by x(-2)?
9
Calculate the remainder when -2*(0 - 1)*(3 + 2) is divided by 6.
4
Let j = 59 - 5. Let v = -31 + j. What is the remainder when v is divided by 2/(4 - 2) - (-8 - -1)?
7
Suppose -5*q = -2*n - 10, n - q - 11 = -2*n. Suppose -n*o + 424 = -2*y, o - 40 = -2*y + 52. What is the remainder when o is divided by 22?
20
Suppose g + 30 = 6*g. What is the remainder when (-9)/g*-2 - -48 is divided by 13?
12
Let o(n) = -45*n - 10. Calculate the remainder when o(-2) is divided by 22.
14
Suppose 81*c + 13 = 82*c. What is the remainder when 45 is divided by c?
6
Suppose -5*b + 116 = -4*u, 0 = -3*u - 0*u - b - 106. Let r = u - -53. What is the remainder when 72 is divided by r?
15
Suppose 0 = -b, 3*h + 4*b + 1 - 31 = 0. Suppose 3*c = 3*i + 6, -5*i - 2*c - 31 = -0*c. Calculate the remainder when h is divided by 5*i/(25/(-4)).
2
What is the remainder when ((-1)/(-2))/(((-22)/(-164))/11) is divided by 17?
7
Let u = -23 - -50. Calculate the remainder when 53 is divided by u.
26
Let p = 7 + -5. Let k = 1 - 1. Suppose -h + 6*h + 47 = g, -p*g + h + 49 = k. What is the remainder when g is divided by 8?
6
Let p(b) = b**2 + 6*b + 1. Let l be p(-4). Let f = 64 + l. What is the remainder when f is divided by 15?
12
Suppose 3*z = -z + 8. Suppose 73 = z*b + 3. What is the remainder when b is divided by 9?
8
Let n(g) = -2*g + 4. Let t be n(2). Calculate the remainder when 33 is divided by 84/7 - t/(-2).
9
Let v be (-14)/(-21) + (-86)/(-6). Let s = v + 11. Calculate the remainder when s is divided by 7.
5
Suppose w + x = 5*x + 3, 3*w + x - 35 = 0. What is the remainder when (-1)/((-80)/76 + 1) is divided by w?
8
Calculate the remainder when 1*(4 + -7 - -46) is divided by 9.
7
Let c = 693 - 470. What is the remainder when c is divided by 56?
55
Let s(g) = -g**3 + 8*g**2 + 12*g - 9. Calculate the remainder when 33 is divided by s(9).
15
Suppose -2 + 7 = 5*h, 35 = 2*g + 5*h. What is the remainder when g is divided by 2?
1
Let q(v) = -v**3 - v**2 + 5*v + 2. Let o be q(-4). Suppose -2*t = -0*t - 22. Calculate the remainder when (-5 - -4)/((-1)/o) is divided by t.
8
Suppose -31 = -3*y - 10. Calculate the remainder when 31 is divided by y.
3
Let s = -27 + 62. What is the remainder when s is divided by 12?
11
Suppose 0 = -4*w + 3*w + 17. Calculate the remainder when 61 is divided by w.
10
Let h = 9 + -5. Suppose -3*z = z + h. Calculate the remainder when z/(2/52*-2) is divided by 7.
6
Suppose -4*r + 118 = -6. Calculate the remainder when 118 is divided by r.
25
Calculate the remainder when 130 is divided by ((-99)/(-6))/((-4)/(-8)).
31
Suppose -4*w - 3*r = 94, 4*w + r + 68 = w. Let v = -7 - w. Calculate the remainder when 42 is divided by v.
12
Suppose -5*n + 367 = -3*f, -3*f = -2*n + n + 83. What is the remainder when n is divided by 18?
17
Suppose -116 = -4*a + 8*a. Let c = 58 + a. Let p = -7 - -17. Calculate the remainder when c is divided by p.
9
Suppose -5*n = -3*u + 92, -4*u + 0*n = -n - 134. Let r = 1 + u. What is the remainder when r is divided by 12?
11
Let j = 19 + -9. Let z be 15 + (-3 + 1 - -4). Let o = z - -21. Calculate the remainder when o is divided by j.
8
Calculate the remainder when (3/(-2))/((-6)/248) is divided by 21.
20
Let u = -14 + 13. What is the remainder when (u/2)/((-2)/276) is divided by 24?
21
What is the remainder when (-3)/(15/2)*-5 is divided by ((-16)/(-128))/(2/16)?
0
Let z = -52 + 28. Calculate the remainder when 1*7/((-28)/z) is divided by 3.
0
Let h(q) = 15*q**2 + 1. Calculate the remainder when 46 is divided by h(-1).
14
Let w(z) = -z**3 - 4*z**2 + 7*z + 6. Let l be w(-5). What is the remainder when 19 is divided by (2/(-3))/(l/42)?
5
Let x = -11 - -15. Suppose 3*l - 81 = -3*r, -x*r - 5*l + 117 = 10. Calculate the remainder when r is divided by 15.
13
Suppose -2*u = 0, 0*u = -3*p + 5*u + 21. Let h = -2 + 13. Suppose 0 = 3*w + 4*o - 8, 0 = -3*w + o - 2*o + h. Calculate the remainder when p is divided by w.
3
Suppose -5 = 4*f + 11, 3*f = -2*p - 6. Suppose p - 33 = -2*b. Calculate the remainder when 28 is divided by b.
13
Suppose 1 + 17 = 2*l. Suppose -5*m = 3*d + 93, -d - 18 - 13 = 2*m. Let y = d - -57. What is the remainder when y is divided by l?
8
Suppose -12*a - 19 = -13*a. Suppose 3*r - 59 = a. What is the remainder when r is divided by 9?
8
Let d(t) = t**3 + 3*t**2 - 3*t + 5. Let a be d(-5). Let x be 1 + -1 + -8 + -2. Let w = x - a. Calculate the remainder when w is divided by 7.
6
Let a(u) be the third derivative of -u**5/60 + 3*u**4/8 + 5*u**3/3 - u**2. What is the remainder when 69 is divided by a(7)?
21
Let d = 41 + -37. What is the remainder when 34 is divided by d?
2
Let r(a) be the third derivative of a**6/120 - 7*a**5/60 + a**4/24 - a**3/2 - 2*a**2. Suppose 7*v - 11 = 6*v. Calculate the remainder when v is divided by r(7).
3
Let t(h) = 3*h**3 - 2*h**2 - h + 1. Let j = 294 - 159. Let s = -92 + j. Calculate the remainder when s is divided by t(2).
13
Let d = 6 + 4. Let q = -142 - -229. Suppose -q = -b - 2*b. Calculate the remainder when b is divided by d.
9
Let n(w) = w + 5. Let q = -7 - -16. Let v be n(q). Suppose -4*f = -14 - v. What is the remainder when f is divided by 3?
1
Suppose 3*p = 25 - 94. Let v = 46 + p. Suppose 0 = -2*h + 2*c + 134, h - 141 = -h - 5*c. What is the remainder when h is divided by v?
22
What is the remainder when (-1)/(-2) + (4 - (-29)/2) is divided by 4/(-12) + 31/3?
9
Let d = 8 + -24. Let l = d + 30. Calculate the remainder when 27 is divided by l.
13
Suppose 0 = 5*b + 1 - 6. Let n(a) = a**3 - 5*a**2 + 7*a - 2. Calculate the remainder when n(3) is divided by b.
0
Let q be (2 - 1) + -1 + 0. Suppose q = -4*y - 14 + 2, 5*c - 55 = -5*y. What is the remainder when 53 is divided by c?
11
Let r = -5 - -14. Let i(c) = -c**3 + 1. Let l be i(0). Let q = l + 4. What is the remainder when r is divided by q?
4
Suppose 20 - 5 = 5*q. Suppose 12*l - 15*l + 6 = 0. Calculate the remainder when q is divided by l.
1
Let y = -1 - -5. Let s be (y/6)/((-2)/(-6)). Calculate the remainder when 50 + -2*1/s is divided by 17.
15
Let k be 2/9 + (-2)/9. Suppose 2*q - 36 = -k*q. Suppose 3*d - 11 = -2*o, 2*o + o - 19 = -2*d. Calculate the remainder when q is divided by o.
4
Let o = -24 + 47. Let g(h) = -h**2 + 15*h + 24. What is the remainder when g(11) is divided by o?
22
What is the remainder when 23 + (-3 - (0 + -3)) + 3 is divided by 14?
12
Let i(w) = 2*w**2 + 3*w. Let a be i(-2). Suppose 0 = -4*r + 3*r - 4, a*y - 90 = 2*r. Calculate the remainder when y is divided by 14.
13
Let p = 13 + 28. Let b(k) = -k**3 + 8*k**2 - 7*k - 8. Let u be b(6). Let v = 36 - u. What is the remainder when p is divided by v?
13
Suppose 5*w = 5*z + w - 145, z - 40 = 3*w. Let l = 8 + 1. Calculate the remainder when z is divided by l.
7
Suppose -6*f = -2*f. What is the remainder when 21 + 6 + (-11 - -7) is divided by (-1 - f)/((-2)/16)?
7
Suppose -